 s(g) = -166*g + 1368. Determine s(12).
-624
Let a(u) = 2*u**2 - 360*u - 7563. Give a(197).
-865
Let y(f) = -12119*f - 23174. Calculate y(-2).
1064
Let f(j) = 169*j**3 + 667*j**2 - 28*j - 3. Calculate f(-4).
-35
Let t(j) = -37*j**2 - 338*j - 1806. Calculate t(-5).
-1041
Let b(d) = 2*d**3 + 7*d**2 + 8*d - 88. Calculate b(-11).
-1991
Let k(l) = -14*l**2 - 5114*l - 26622. Determine k(-360).
18
Let z(m) = 1716*m**2 - 7*m - 3. Determine z(1).
1706
Let w(f) = 633*f - 2827. Give w(4).
-295
Let l(x) = 329*x - 1377. Give l(4).
-61
Let u(c) = c**2 + 52*c - 134. What is u(-54)?
-26
Let y(n) = 6*n**3 - 22*n**2 + 126*n - 874. What is y(6)?
386
Let t(p) = p**2 + 1500*p + 14961. Determine t(-10).
61
Let c(a) = -a**3 + 88*a**2 - 38*a + 3365. Calculate c(88).
21
Let p(q) = 465*q + 3541. Determine p(-8).
-179
Let v(y) = 60116*y - 1623138. Determine v(27).
-6
Let k(m) = 32*m - 2873. Calculate k(84).
-185
Let p(c) = 2526*c + 32403. Give p(-13).
-435
Let h(v) = -5412*v + 135297. What is h(25)?
-3
Let y(z) = -z**3 + 19*z**2 - 43*z + 743. What is y(17)?
590
Let d(l) = -5*l**3 + 46*l**2 - 996*l + 8877. Determine d(9).
-6
Let i(z) = -21482*z - 20933. Calculate i(-1).
549
Let h(n) = -2155*n + 5564. Give h(4).
-3056
Let d(u) = -12287*u + 73718. Calculate d(6).
-4
Let t(u) = -1917*u + 137891. Give t(72).
-133
Let z(g) = 4*g**3 - 29*g**2 - 191*g + 505. Give z(2).
39
Let f(n) = -n**3 + 199*n**2 - 3418*n - 82. What is f(19)?
-44
Let p(a) = -a**3 + 410*a**2 + 2416*a - 469. Give p(-6).
11
Let j(i) = 9*i**2 - 28*i + 124. Calculate j(0).
124
Let f(m) = 29*m**3 - 3*m**2 + 104*m + 2. What is f(0)?
2
Let o(j) = -67623*j - 743889. Determine o(-11).
-36
Let y(d) = -9*d**2 - 96*d + 821. Calculate y(9).
-772
Let j(d) = -244*d - 2976. Calculate j(-16).
928
Let m(r) = -1781*r + 103342. Give m(58).
44
Let y(b) = -4163*b**2 + 8239*b + 178. Determine y(2).
4
Let v(f) = 476*f - 58056. Determine v(122).
16
Let v(k) = -2*k**3 + 2*k**2 + 40*k - 2798. Give v(0).
-2798
Let u(d) = d**3 - 580*d**2 - 5847*d - 31296. Calculate u(590).
-26
Let g(o) = 2*o**3 - 249*o**2 + 183*o - 7460. Give g(124).
-144
Let a(k) = -41009*k - 5495217. What is a(-134)?
-11
Let k(a) = 2*a**2 - 10815*a + 86383. What is k(8)?
-9
Let r(n) = -n**2 - 6783*n + 163333. Give r(24).
-35
Let a(k) = 12*k**2 + 11030*k - 77758. Calculate a(7).
40
Let y(t) = 10*t**2 + 23*t - 90. Calculate y(10).
1140
Let o(n) = 7*n**2 - 140*n - 3772. What is o(34)?
-440
Let l(g) = 6*g**2 + 675*g - 682. What is l(1)?
-1
Let g(s) = s**3 + 423*s**2 - 26824*s + 20. Calculate g(56).
20
Let w(h) = 142444*h + 712168. Determine w(-5).
-52
Let p(t) = -215129*t + 3. Calculate p(0).
3
Let l(t) = 3800*t - 37996. Give l(10).
4
Let i(j) = j**3 + 14*j**2 + 37*j + 2005. Calculate i(-18).
43
Let s(x) = 712*x**2 - 4*x. Calculate s(-1).
716
Let o(m) = 11811*m + 35026. Give o(-3).
-407
Let w(v) = -v**3 + 39*v**2 + 89*v - 10776. Determine w(30).
-6
Let z(a) = 3*a**3 + 75*a**2 - 143*a - 3615. Give z(-25).
-40
Let c(s) = s**3 + 114*s**2 + 2875*s - 992. Determine c(-76).
-4
Let l(j) = 6*j**2 + 1068*j + 46513. Determine l(-76).
1
Let t(k) = k**3 - 7*k**2 - 25*k + 9. What is t(12)?
429
Let y(u) = 3*u**2 + 10462*u + 667345. Determine y(-65).
-10
Let u(n) = 17448*n + 1832045. What is u(-105)?
5
Let u(b) = b**3 - 19*b**2 + 465*b - 3382. Give u(9).
-7
Let s(x) = -5284*x + 38714. Determine s(8).
-3558
Let g(a) = -11*a**2 + 107*a - 34. Calculate g(-10).
-2204
Let k(n) = 14*n**2 - 36*n - 226. What is k(3)?
-208
Let m(k) = 3*k**3 - 265*k**2 + 5658*k + 1477. Give m(37).
-3
Let r(q) = q**3 + 105*q**2 - 203*q + 1046. Give r(-107).
-131
Let t(y) = -y**3 - 19*y**2 - 90*y - 981. Calculate t(-9).
-981
Let a(s) = -2*s**2 - 8143*s + 40708. What is a(5)?
-57
Let l(k) = -10*k**2 + 608*k - 1221. Give l(2).
-45
Let w(h) = -112521*h + 337567. Determine w(3).
4
Let i(r) = r**2 + r - 1488. What is i(-30)?
-618
Let u(n) = 4*n**3 - 42*n**2 - 16*n + 74. What is u(11)?
140
Let m(a) = 537*a**2 - 30595*a - 797. What is m(57)?
1
Let k(x) = 23134*x + 162078. Calculate k(-7).
140
Let s(f) = 995*f - 969. What is s(1)?
26
Let f(j) = 6*j**2 - 1550*j + 92685. What is f(94)?
1
Let h(g) = -234083*g - 702254. Calculate h(-3).
-5
Let k(z) = -500*z - 17614. Give k(-35).
-114
Let t(v) = 11576*v - 150611. Give t(13).
-123
Let t(s) = -2*s**2 - 7*s - 753. Give t(-28).
-2125
Let u(c) = -28*c**2 + 1765*c - 22688. Determine u(18).
10
Let l(r) = -6*r**3 - 150*r**2 - 451*r + 1116. What is l(-21)?
3
Let l(m) = -24*m**2 + 5882*m + 11356. Give l(247).
-6
Let b(s) = 11*s**3 + 21696*s**2 - 65092*s + 1. Determine b(3).
286
Let g(j) = 130*j**2 - 36150*j + 2759. Give g(278).
-21
Let g(p) = -235*p**2 + 6216*p + 3485. Calculate g(27).
2
Let o(f) = 483*f + 2417. Determine o(-7).
-964
Let v(y) = 5*y**3 + 298*y**2 + 2935*y - 1238. Give v(-47).
-16
Let c(v) = 32712*v + 392543. Calculate c(-12).
-1
Let l(w) = 3070*w + 15303. Determine l(-4).
3023
Let g(q) = -3*q**3 - 83*q**2 + 774*q + 88. Give g(-35).
-52
Let n(c) = 23*c**2 - 210*c - 12. What is n(3)?
-435
Let h(s) = -124*s**3 - 125*s + 122. Determine h(1).
-127
Let q(p) = p**2 - 1707*p + 82853. Determine q(50).
3
Let t(i) = -23*i**3 + 6*i**2 - 2*i + 19. What is t(-4)?
1595
Let f(l) = -13832*l + 110952. Determine f(8).
296
Let t(v) = -v**2 + 8307*v + 41572. Give t(-5).
12
Let v(o) = -21*o**2 - 765*o - 3821. Determine v(-5).
-521
Let c(n) = -n**3 - 1059*n**2 - 59942*n - 79. Determine c(-60).
41
Let l(k) = 3*k**2 + 122*k - 295. Calculate l(-44).
145
Let u(f) = -f**3 - 30*f**2 + 355*f + 167. What is u(-38)?
-1771
Let k(u) = -2*u**2 - 159*u + 19190. Determine k(-145).
195
Let p(t) = -t**3 + 20*t**2 - 4*t - 14. Calculate p(20).
-94
Let x(o) = o**3 + 17*o**2 + 42*o + 812. What is x(-17)?
98
Let l(d) = -37097*d + 74143. Determine l(2).
-51
Let j(g) = 3*g**2 - 105*g - 6170. Calculate j(68).
562
Let o(j) = 2*j**2 - 157*j - 468. What is o(72)?
-1404
Let o(f) = -6*f**2 - 22*f + 1059. Give o(22).
-2329
Let f(h) = -301*h - 3890. Calculate f(-11).
-579
Let g(o) = -9*o**3 - 12*o**2 - 86*o - 228. Give g(-6).
1800
Let z(q) = -41*q**2 - 1728*q + 1448. What is z(-43)?
-57
Let n(v) = -4*v**3 + 13*v**2 + 292*v - 878. What is n(3)?
7
Let o(d) = d**3 + 91*d**2 + 1989*d + 161219. What is o(-89)?
40
Let r(n) = -123*n**2 + 65*n - 63. Give r(1).
-121
Let a(b) = -b**3 - 91*b**2 - 281*b - 25722. Calculate a(-91).
-151
Let k(a) = -226*a - 17230. Calculate k(-73).
-732
Let j(i) = 6*i**2 - 465*i - 189190. Calculate j(-143).
-1
Let y(u) = -90*u**2 + 713*u - 2876. Calculate y(4).
-1464
Let g(d) = -49*d**3 + 1176*d**2 + 6*d - 45. What is g(24)?
99
Let z(j) = -j**2 + 6725*j + 5433979. Calculate z(-729).
13
Let o(z) = -1576*z + 32210. Give o(23).
-4038
Let a(y) = -22*y**2 - 268*y + 67. Calculate a(-7).
865
Let h(c) = -2918*c + 29099. Calculate h(10).
-81
Let f(c) = 83530*c + 19713086. What is f(-236)?
6
Let z(v) = -4*v**3 + 17*v**2 + 17*v - 110. Determine z(3).
-14
Let r(m) = -3*m**2 - 7091*m - 70657. What is r(-10)?
-47
Let m(v) = -164*v + 2150. Calculate m(15).
-310
Let a(l) = 34*l**3 + 527*l - 2669. Calculate a(5).
4216
Let a(n) = -585617*n + 5270579. What is a(9)?
26
Let f(s) = 42*s + 2506. What is f(18)?
3262
Let r(q) = -q**3 - 53*q**2 + 3*q + 147. Determine r(-53).
-12
Let s(y) = -y**3 - 28*y**2 + 227*y + 928. Calculate s(-34).
146
Let d(o) = o**3 - 3*o**2 - 88*o - 15. What is d(12)?
225
Let w(j) = 4*j**3 - 149*j**2 + 1206*j + 475. Give w(25).
0
Let n(v) = -6*v**2 + 1422*v - 686. Calculate n(235).
2134
Let y(g) = -83266*g - 666045. Determine y(-8).
83
Let s(p) = p**3 + 158*p**2 + 364*p + 32478. Determine s(-157).
-21
Let t(l) = l**3 - 343*l**2 - 2025*l + 809571. Give t(342).
57
Let y(k) = -840*k - 110948. Calculate y(-132).
-68
Let f(d) = -1756*d**3 - 475879*d**2 - 813*d - 1. Determine f(-271).
-1
Let r(c) = 12*c**3 + c**2 + 46*c - 92. Give r(2).
100
Let s(v) = -271311*v - 1356392. Give s(-5).
163
Let t(v) = v**3 + 166*v + 1507. Determine t(-8).
-333
Let j(t) = t**3 - 15*t**2 + 856*t + 5915. Give j(-6).
23
Let t(w) = -w**3 + 305*w**2 - 1204*w - 739. Determine t(301).
-739
Let y(f) = f**3 + 72*f**2 + 546*f - 66. Calculate y(-9).
123
Let u(s) = -s**3 - 133*s**2 + 569*s + 3466. What is u(-137)?
589
Let x(o) = 4*o**3 - 68*o**2 + 34*o + 154. Determine x(17).
732
Let z(f) = -897433*f - 22435825. What is z(-25)?
0
Let k(l) =